{"id":4428,"date":"2020-04-03T16:49:46","date_gmt":"2020-04-03T14:49:46","guid":{"rendered":"https:\/\/demo.farost.net\/equita\/?page_id=4428"},"modified":"2023-07-24T12:16:22","modified_gmt":"2023-07-24T10:16:22","slug":"quote-request-2","status":"publish","type":"page","link":"https:\/\/hopelogistics.biz\/?page_id=4428","title":{"rendered":"Cotation"},"content":{"rendered":"\t\t<div data-elementor-type=\"wp-page\" data-elementor-id=\"4428\" class=\"elementor elementor-4428\">\n\t\t\t\t\t\t\t        <section class=\"elementor-section elementor-top-section elementor-element elementor-element-476523a1 elementor-section-stretched elementor-section-boxed elementor-section-height-default elementor-section-height-default\" data-id=\"476523a1\" data-element_type=\"section\" data-settings=\"{&quot;stretch_section&quot;:&quot;section-stretched&quot;,&quot;background_background&quot;:&quot;classic&quot;}\">\n\t\t            <div class=\"elementor-background-overlay\"><\/div>\n\t\t\n\t\t        <div class=\"elementor-container elementor-column-gap-default \" >\n\t\t        <div class=\"elementor-column elementor-col-100 elementor-top-column elementor-element elementor-element-338623ac\" data-id=\"338623ac\" data-element_type=\"column\">\n        <div class=\"elementor-widget-wrap elementor-element-populated\">\n                        \t\t<div class=\"elementor-element elementor-element-52eb63d8 elementor-widget elementor-widget-cms_heading\" data-id=\"52eb63d8\" data-element_type=\"widget\" data-widget_type=\"cms_heading.default\">\n\t\t\t\t<div class=\"elementor-widget-container\">\n\t\t\t<div class=\"cms-heading-wrapper cms-heading-layout1\">\n    \n            <h2 class=\"custom-heading\">\n            <span >Cotation<\/span>\n        <\/h2>\n        \n    <\/div>\t\t<\/div>\n\t\t\t\t<\/div>\n\t\t\t\t<div class=\"elementor-element elementor-element-60260dcd elementor-widget elementor-widget-cms_breadcrumb\" data-id=\"60260dcd\" data-element_type=\"widget\" data-widget_type=\"cms_breadcrumb.default\">\n\t\t\t\t<div class=\"elementor-widget-container\">\n\t\t\t<ul class=\"cms-breadcrumb\"><li><span class=\"breadcrumb-entry\">Home<\/span><\/li><\/ul>\t\t<\/div>\n\t\t\t\t<\/div>\n\t\t        <\/div>\n        <\/div>\n        \t\t        <\/div>\n        <\/section>\n\t\t        <section class=\"elementor-section elementor-top-section elementor-element elementor-element-6f9fbe66 elementor-section-boxed elementor-section-height-default elementor-section-height-default\" data-id=\"6f9fbe66\" data-element_type=\"section\">\n\t\t\n\t\t        <div class=\"elementor-container elementor-column-gap-extended \" >\n\t\t        <div class=\"elementor-column elementor-col-33 elementor-top-column elementor-element elementor-element-264131ac\" data-id=\"264131ac\" data-element_type=\"column\">\n        <div class=\"elementor-widget-wrap elementor-element-populated\">\n                        \t\t<div class=\"elementor-element elementor-element-211e8556 elementor-widget elementor-widget-spacer\" data-id=\"211e8556\" data-element_type=\"widget\" data-widget_type=\"spacer.default\">\n\t\t\t\t<div class=\"elementor-widget-container\">\n\t\t\t<style>\/*! elementor - v3.15.0 - 31-07-2023 *\/\n.elementor-column .elementor-spacer-inner{height:var(--spacer-size)}.e-con{--container-widget-width:100%}.e-con-inner>.elementor-widget-spacer,.e-con>.elementor-widget-spacer{width:var(--container-widget-width,var(--spacer-size));--align-self:var(--container-widget-align-self,initial);--flex-shrink:0}.e-con-inner>.elementor-widget-spacer>.elementor-widget-container,.e-con-inner>.elementor-widget-spacer>.elementor-widget-container>.elementor-spacer,.e-con>.elementor-widget-spacer>.elementor-widget-container,.e-con>.elementor-widget-spacer>.elementor-widget-container>.elementor-spacer{height:100%}.e-con-inner>.elementor-widget-spacer>.elementor-widget-container>.elementor-spacer>.elementor-spacer-inner,.e-con>.elementor-widget-spacer>.elementor-widget-container>.elementor-spacer>.elementor-spacer-inner{height:var(--container-widget-height,var(--spacer-size))}<\/style>\t\t<div class=\"elementor-spacer\">\n\t\t\t<div class=\"elementor-spacer-inner\"><\/div>\n\t\t<\/div>\n\t\t\t\t<\/div>\n\t\t\t\t<\/div>\n\t\t\t\t<div class=\"elementor-element elementor-element-1b693d39 elementor-widget elementor-widget-cms_navigation_menu\" data-id=\"1b693d39\" data-element_type=\"widget\" data-widget_type=\"cms_navigation_menu.default\">\n\t\t\t\t<div class=\"elementor-widget-container\">\n\t\t\t    <div class=\"cms-navigation-menu1 e-sidebar-widget\">\n                    <h3 class=\"widget-title\">Prestations<\/h3>\n                <div class=\"menu-menu-services-container\"><ul id=\"menu-menu-services\" class=\"menu\"><li id=\"menu-item-5501\" class=\"menu-item menu-item-type-post_type menu-item-object-service menu-item-5501\"><a href=\"https:\/\/hopelogistics.biz\/?service=manutention\">Manutention<\/a><\/li>\n<li id=\"menu-item-5500\" class=\"menu-item menu-item-type-post_type menu-item-object-service menu-item-5500\"><a href=\"https:\/\/hopelogistics.biz\/?service=transit\">Transit<\/a><\/li>\n<li id=\"menu-item-5503\" class=\"menu-item menu-item-type-post_type menu-item-object-service menu-item-5503\"><a href=\"https:\/\/hopelogistics.biz\/?service=transport\">Transport<\/a><\/li>\n<li id=\"menu-item-5499\" class=\"menu-item menu-item-type-post_type menu-item-object-service menu-item-5499\"><a href=\"https:\/\/hopelogistics.biz\/?service=consignation\">Consignation<\/a><\/li>\n<li id=\"menu-item-5502\" class=\"menu-item menu-item-type-post_type menu-item-object-service menu-item-5502\"><a href=\"https:\/\/hopelogistics.biz\/?service=representation\">Repr\u00e9sentation<\/a><\/li>\n<\/ul><\/div>    <\/div>\n\t\t<\/div>\n\t\t\t\t<\/div>\n\t\t\t\t<div class=\"elementor-element elementor-element-48e2dcad elementor-widget elementor-widget-cms_fancy_box\" data-id=\"48e2dcad\" data-element_type=\"widget\" data-widget_type=\"cms_fancy_box.default\">\n\t\t\t\t<div class=\"elementor-widget-container\">\n\t\t\t<div class=\"cms-fancy-box-layout2 bg-image default\" style=\"background-image: url(https:\/\/hopelogistics.biz\/wp-content\/uploads\/2023\/07\/hom.jpg);\">\n    <div class=\"content-inner\">\n        <h3 class=\"item--title\">\n            \u00c9quipes clients d\u00e9di\u00e9es et services agiles        <\/h3>\n        <div class=\"item--description\">\n            Notre pnotori\u00e9t\u00e9 garantit la rapidit\u00e9 et le respect de la conformit\u00e9 en mati\u00e8re de rentabilit\u00e9 n\u00e9cessaires pour garantir le respect de vos d\u00e9lais de production.        <\/div>\n                    <div class=\"item--button\">\n                <a class=\"btn btn-outline-white\" href=\"#\">Planifier un rendez-vous<\/a>\n            <\/div>\n            <\/div>\n<\/div>\t\t<\/div>\n\t\t\t\t<\/div>\n\t\t\t\t<div class=\"elementor-element elementor-element-7783a6e5 elementor-widget elementor-widget-spacer\" data-id=\"7783a6e5\" data-element_type=\"widget\" data-widget_type=\"spacer.default\">\n\t\t\t\t<div class=\"elementor-widget-container\">\n\t\t\t\t\t<div class=\"elementor-spacer\">\n\t\t\t<div class=\"elementor-spacer-inner\"><\/div>\n\t\t<\/div>\n\t\t\t\t<\/div>\n\t\t\t\t<\/div>\n\t\t        <\/div>\n        <\/div>\n                <div class=\"elementor-column elementor-col-66 elementor-top-column elementor-element elementor-element-315083b0\" data-id=\"315083b0\" data-element_type=\"column\">\n        <div class=\"elementor-widget-wrap elementor-element-populated\">\n                        \t\t<div class=\"elementor-element elementor-element-0d87273 elementor-widget elementor-widget-cms_ctf7\" data-id=\"0d87273\" data-element_type=\"widget\" data-widget_type=\"cms_ctf7.default\">\n\t\t\t\t<div class=\"elementor-widget-container\">\n\t\t\t    <div id=\"cms_ctf7-0d87273\" class=\"cms-contact-form style1\">\n        <div class=\"cms-contact-form-inner\">\n        \t            \n<div class=\"wpcf7 no-js\" id=\"wpcf7-f4427-o1\" lang=\"en-US\" dir=\"ltr\">\n<div class=\"screen-reader-response\"><p role=\"status\" aria-live=\"polite\" aria-atomic=\"true\"><\/p> <ul><\/ul><\/div>\n<form action=\"\/index.php?rest_route=%2Fwp%2Fv2%2Fpages%2F4428#wpcf7-f4427-o1\" method=\"post\" class=\"wpcf7-form init\" aria-label=\"Contact form\" novalidate=\"novalidate\" data-status=\"init\">\n<div style=\"display: none;\">\n<input type=\"hidden\" name=\"_wpcf7\" value=\"4427\" \/>\n<input type=\"hidden\" name=\"_wpcf7_version\" value=\"5.7.7\" \/>\n<input type=\"hidden\" name=\"_wpcf7_locale\" value=\"en_US\" \/>\n<input type=\"hidden\" name=\"_wpcf7_unit_tag\" value=\"wpcf7-f4427-o1\" \/>\n<input type=\"hidden\" name=\"_wpcf7_container_post\" value=\"0\" \/>\n<input type=\"hidden\" name=\"_wpcf7_posted_data_hash\" value=\"\" \/>\n<\/div>\n<p class=\"contact-form-desc\">\n   Besoin d'un service fiable et \u00e9conomique de vos marchandises ? Remplissez notre formulaire de demande de devis ci-dessous pour obtenir un devis rapide.\n<\/p>\n<div class=\"contact-form-box\">\n    <h3 class=\"box-heading heading-underline\"><span>A remplir<\/span><\/h3>\n    <div class=\"row\">\n        <div class=\"col-lg-12\"><span class=\"wpcf7-form-control-wrap\" data-name=\"ct_company\"><input size=\"40\" class=\"wpcf7-form-control wpcf7-text\" aria-invalid=\"false\" placeholder=\"Soci\u00e9t\u00e9\" value=\"\" type=\"text\" name=\"ct_company\" \/><\/span><\/div>\n        <div class=\"col-lg-4\"><span class=\"wpcf7-form-control-wrap\" data-name=\"ct_name\"><input size=\"40\" class=\"wpcf7-form-control wpcf7-text wpcf7-validates-as-required\" aria-required=\"true\" aria-invalid=\"false\" placeholder=\"Nom *\" value=\"\" type=\"text\" name=\"ct_name\" \/><\/span><\/div>\n        <div class=\"col-lg-4\"><span class=\"wpcf7-form-control-wrap\" data-name=\"ct_email\"><input size=\"40\" class=\"wpcf7-form-control wpcf7-text wpcf7-email wpcf7-validates-as-required wpcf7-validates-as-email\" aria-required=\"true\" aria-invalid=\"false\" placeholder=\"Adresse mail *\" value=\"\" type=\"email\" name=\"ct_email\" \/><\/span><\/div>\n        <div class=\"col-lg-4\"><span class=\"wpcf7-form-control-wrap\" data-name=\"ct_phone\"><input size=\"40\" class=\"wpcf7-form-control wpcf7-text wpcf7-tel wpcf7-validates-as-required wpcf7-validates-as-tel\" aria-required=\"true\" aria-invalid=\"false\" placeholder=\"T\u00e9l\u00e9phone *\" value=\"\" type=\"tel\" name=\"ct_phone\" \/><\/span><\/div>\n    <\/div>\n<\/div>\n\n<div class=\"row\">\n    <div class=\"col-12\" style=\"margin-top:-9px;\">\n        <button type=\"submit\" class=\"wpcf7-submit btn\">Soumettre<\/button>\n    <\/div>\n<\/div><div class=\"wpcf7-response-output\" aria-hidden=\"true\"><\/div>\n<\/form>\n<\/div>\n        <\/div>\n    <\/div>\n\t\t<\/div>\n\t\t\t\t<\/div>\n\t\t        <\/div>\n        <\/div>\n        \t\t        <\/div>\n        <\/section>\n\t\t\t\t\t\t\t<\/div>\n\t\t","protected":false},"excerpt":{"rendered":"<p>Cotation Home Prestations Manutention Transit Transport Consignation Repr\u00e9sentation Packaging \u00c9quipes clients d\u00e9di\u00e9es et services agiles Notre pnotori\u00e9t\u00e9 garantit la rapidit\u00e9 et le respect de la conformit\u00e9 en mati\u00e8re de rentabilit\u00e9 n\u00e9cessaires pour garantir le respect de vos d\u00e9lais de production. Planifier un rendez-vous Besoin d&#8217;un service fiable et \u00e9conomique de vos marchandises ? Remplissez notre [&hellip;]<\/p>\n","protected":false},"author":1,"featured_media":0,"parent":0,"menu_order":0,"comment_status":"closed","ping_status":"closed","template":"","meta":[],"_links":{"self":[{"href":"https:\/\/hopelogistics.biz\/index.php?rest_route=\/wp\/v2\/pages\/4428"}],"collection":[{"href":"https:\/\/hopelogistics.biz\/index.php?rest_route=\/wp\/v2\/pages"}],"about":[{"href":"https:\/\/hopelogistics.biz\/index.php?rest_route=\/wp\/v2\/types\/page"}],"author":[{"embeddable":true,"href":"https:\/\/hopelogistics.biz\/index.php?rest_route=\/wp\/v2\/users\/1"}],"replies":[{"embeddable":true,"href":"https:\/\/hopelogistics.biz\/index.php?rest_route=%2Fwp%2Fv2%2Fcomments&post=4428"}],"version-history":[{"count":20,"href":"https:\/\/hopelogistics.biz\/index.php?rest_route=\/wp\/v2\/pages\/4428\/revisions"}],"predecessor-version":[{"id":6142,"href":"https:\/\/hopelogistics.biz\/index.php?rest_route=\/wp\/v2\/pages\/4428\/revisions\/6142"}],"wp:attachment":[{"href":"https:\/\/hopelogistics.biz\/index.php?rest_route=%2Fwp%2Fv2%2Fmedia&parent=4428"}],"curies":[{"name":"wp","href":"https:\/\/api.w.org\/{rel}","templated":true}]}}